2
Let m(k) = -10*k + 1. Let f(j) = -19*j + 2. Let s(t) = -6*f(t) + 11*m(t). Determine s(3).
11
Let a(z) = -6508*z**3 - 4 + 3 + 6510*z**3. What is a(1)?
1
Let y(f) = 7*f**3 + 10*f**2 + 5*f - 5. Let p(v) = -22*v**3 - 36*v**2 - 16*v + 16. Let z(r) = -2*p(r) - 7*y(r). Determine z(2).
-35
Let g = 10 - 29. Let v be (36/(-27))/(2/(-39)). Let d = g + v. Let k(a) = a**3 - 6*a**2 - 7*a + 1. What is k(d)?
1
Let t(g) = 2*g**3 - 4*g. Let i be t(2). Let j(r) = r - 1. Let n(y) = -4*y + 10. Let c(m) = 3*j(m) + n(m). Determine c(i).
-1
Let j(x) be the first derivative of -x**4/24 - 13*x**3/6 - 6*x**2 + 24. Let g(f) be the second derivative of j(f). Give g(-9).
-4
Let j(p) = 5*p**2 - 15*p - 23. Let o(g) = -11*g**2 + 31*g + 47. Let n(i) = 9*j(i) + 4*o(i). Calculate n(13).
7
Suppose -10*n - 3 = -43. Let q(j) be the third derivative of -1/24*j**4 + n*j**2 + 0 + 0*j + 5/3*j**3. Give q(7).
3
Let m = -12 - -15. Suppose 4*z = 2*z + 5*i + 20, -3*z + m*i = -12. Let s(v) = 2*v + 2 - 5 + z + 0*v. What is s(3)?
3
Let k(q) = 2*q + 5 - 2 - 5 - 5*q. What is k(-12)?
34
Suppose -100*n + 272 = -32*n. Let y(j) = j - 1. Suppose 3*x = -3*i, 0*x - x + 5*i = 6. Let f(m) = 4*m - 11. Let w(t) = x*f(t) + 6*y(t). What is w(n)?
13
Let q(m) = -m**3 - 3*m**2 - 4*m - 3. Suppose 4*p + 7 = -1. Let n = p - -4. Suppose -a + 1 = -5*u - 11, 5*a - n = -4*u. Give q(u).
1
Let k(w) = -w**2 + 15*w + 4. Let n be k(15). Suppose 2*q - 6 = -h, h + 3*q = 2*q + n. Let s(r) = 3 + 2*r + 2*r**2 + 3 - 3*r**2 - h. Calculate s(5).
-11
Let z(f) = -9*f - 3. Let p(k) be the third derivative of -7*k**4/8 - 7*k**3/6 - 19*k**2. Let n(s) = 2*p(s) - 5*z(s). Suppose 4*r - 16 + 4 = 0. Calculate n(r).
10
Suppose 4*v = 3*m + 5, -2*m + v - 4*v - 26 = 0. Let s(l) = l. Calculate s(m).
-7
Let n(j) = -2*j + 0*j + j + 3*j - 2 - j**2. Let c be -1 + -2 + (4 - -2). Determine n(c).
-5
Let n be (-4 - 1)*(-5)/(-5). Let g(w) = w**2 + 6*w - 6. What is g(n)?
-11
Let d(p) be the second derivative of -p**3/3 + p**2 + 74*p. Let l = 0 - 2. Give d(l).
6
Let p(n) be the second derivative of -n**5/20 + n**4/4 + n**3/3 - n**2/2 + 5*n - 22. Determine p(3).
5
Let w(j) be the second derivative of -j**5/60 + j**4/12 + j**3/6 - 15*j**2/2 - 23*j. Let f(g) be the first derivative of w(g). What is f(-2)?
-7
Let n(g) = 5*g**2. Let r be n(-1). Let l be 2*(-1 - 0)/(-1). Let y(u) = 1 - u - l*u + u**2 - 2*u. Give y(r).
1
Let x(u) = -u**3 + u - 2. Let v be (0 + 420/(-5))/(-1). Suppose v*r + 2 = 83*r. Determine x(r).
4
Let l(z) = -11 - z - 8*z**3 + 7*z**3 + 2*z**2 + 23 + z**2 - 14. Calculate l(2).
0
Let d(r) = r + 1. Suppose -4*b = -3*b - 2. Let k(h) = -2*h - b - h**2 - h - 2*h - 2. Let l be k(-4). Calculate d(l).
1
Let q(m) = -3*m**2 + 2*m + 5. Let l(z) = z**2 - z - 3. Let o(i) = -5*l(i) - 2*q(i). Let s(j) be the first derivative of o(j). Calculate s(1).
3
Let i(l) = l**3 - l**2 - l + 1. Let o(r) = r - 8. Let u be o(-9). Let b = 11 + u. Let g be 6/4 - (-3)/b. Calculate i(g).
0
Let k(q) = q + 6. Let z(s) = 2*s - 10. Let m be z(7). Suppose -5*n + 0*n = -m*l + 18, 5*n = l - 12. Suppose 0*x + 4*r = -5*x - 34, -2 = l*r. What is k(x)?
0
Let s(h) = -h**3 + 2*h**2 - 2*h + 2. Let w(v) = v**3 - 2*v**2 + 3*v - 2. Let u(r) = 4*s(r) + 3*w(r). Suppose -66 = 11*x + 61 - 105. What is u(x)?
16
Let g(a) be the first derivative of -a**2/2 - 3*a + 454. Let m be -1 - ((-1)/(-1) - 2). Determine g(m).
-3
Let l(f) = f + 7. Let y(k) be the first derivative of 3/2*k**2 + 21*k + 8. Let b(r) = -17*l(r) + 6*y(r). Determine b(-5).
2
Let q(a) = -a**2 - 1. Let n(h) = 6*h**2 - 11*h + 3. Let b(k) = -n(k) - 2*q(k). Let u(l) = l**2 - 2*l - 1. Let j(r) = -b(r) - 3*u(r). Give j(7).
18
Let z(k) = k**2 + 6*k + 4. Let a be (-9 - -8) + 49/1. Let u = 71 - a. Suppose -2*c - u = -5*x, 4*c + 18 + 13 = 5*x. Determine z(c).
-4
Let o(u) = -7*u**2 - u - 2. Let p(c) = 15*c**2 + 3*c + 5. Let g(t) = -13*o(t) - 6*p(t). Let b be 18/9*2/(-4). Let a be 4 + (-2)/(4/b)*0. Give g(a).
-8
Let s be 9/(((-6)/(-4))/1). Let a be s*(2 - 1)*1. Let r(k) = -1 - 3*k + 406*k**2 - k**3 - 2*k + 0 - 399*k**2. Determine r(a).
5
Let y(t) = 2*t**2 - 3*t. Let i be ((-280)/(-12))/7 + 12/(-9). Give y(i).
2
Suppose -q + 11 = i + 67, -5*i = -5*q + 230. Let o = 51 + i. Let z(k) = k**2. Calculate z(o).
0
Let o(c) = 8 - c**3 + 6*c**2 - 1 - c**2. Calculate o(5).
7
Let h(q) = q - 5. Suppose 0 = -2*l - 0*l + 2*p - 16, 3*p = 6. Calculate h(l).
-11
Let p(t) be the second derivative of -t**4/12 - 4*t**3/3 - 3*t**2 - 121*t. Calculate p(-4).
10
Let v(n) = 10*n + 5. Let m(a) = -2. Let h(d) = -m(d) - v(d). What is h(-1)?
7
Suppose -5*x + 0*x + 5 = 0. Let i(d) = -3*d + 5*d + 1 - 2*d + d. What is i(x)?
2
Let f = 2179 + -2179. Let t(w) be the third derivative of 0 + 0*w + 3*w**2 + f*w**4 + 0*w**5 - 1/3*w**3 + 1/120*w**6. Give t(-2).
-10
Let g(k) be the third derivative of k**6/120 - 3*k**5/20 - k**4/24 - 4*k**3/3 - 19*k**2 - 1. Give g(9).
-17
Let z(k) be the first derivative of k**4/4 - k**2/2 + 3*k - 8. Suppose -4*p = 2*y + 4, -5*p + 3*p = -2*y - 4. Give z(p).
3
Let a(y) = 17 + 0*y - 4 + y. Suppose 5*q + 4*j = 6*j - 29, q - j = -4. Give a(q).
6
Let c(x) = 10*x**2 - x + 5. Let w(s) = -8*s**2 - 3. Let q(m) = -2*c(m) - 3*w(m). Determine q(-2).
11
Let k(o) = o + 2. Let n(r) = 4*r + 18. Let c(p) = -5*k(p) + n(p). Give c(-10).
18
Let b(g) = g**3 - 12*g + 814*g**2 - 414*g**2 - 410*g**2 + 7. Determine b(11).
-4
Let v(x) be the second derivative of x**5/20 - x**4/6 - 2*x**3/3 - 3*x**2/2 - 100*x. Determine v(-2).
-11
Suppose 0 = d - 7*d + 6. Let q(y) be the first derivative of y**6/8 + y**4/24 + 3*y**2/2 + 5. Let u(v) be the second derivative of q(v). Give u(d).
16
Let a be (15/(-10))/(36/312). Let c(v) = v**3 + 13*v**2 + 9. Determine c(a).
9
Let g(i) = -i**3 + 4*i**2 + i - 5. Let o be g(4). Let w(k) = -21 - 5867*k - 5843*k + 11691*k + 20. Determine w(o).
18
Let h(m) = m**3 - 2*m - 2. Let k(s) = 2*s**2 + s. Let z be k(-2). Let j = z + -8. Calculate h(j).
-6
Let t(k) = 37*k**2 - 6*k - 15. Let r(y) = 14*y**2 - 2*y - 5. Let a(v) = 8*r(v) - 3*t(v). Give a(5).
40
Let l(y) = y**3 + 3*y**2 - 8*y + 4. Let r(u) = -2*u**3 - 2*u**2 + 9*u - 5. Let a(g) = -3*l(g) - 2*r(g). Determine a(2).
-2
Let k(o) be the second derivative of -o**5/60 - o**4/3 + 2*o**3/3 - 9*o**2/2 - 16*o. Let d(w) be the first derivative of k(w). What is d(-9)?
-5
Let s(d) be the first derivative of -13/3*d**3 - 9 + 0*d**2 + d. Give s(-1).
-12
Let b(o) = -2*o**2 + o - 3. Let c(j) = j**3 - j**2 + 2*j - 4. Let d(y) = b(y) - c(y). What is d(3)?
-38
Let p(l) be the third derivative of -l**5/60 - 5*l**4/24 - l**3/3 + 327*l**2. Suppose 6*f - 3*f + y = -19, 4*y + 4 = 0. Calculate p(f).
-8
Let a = -1018 - -24433/24. Let t(p) be the third derivative of 0 - 2*p**2 - a*p**4 + 0*p - 2/3*p**3. Give t(-6).
2
Let g be ((-12)/2)/(1/(-1)). Let r(h) = -h**3 + 4*h**2 - 3*h + 2. Let o be r(3). Let f(t) = 3*t - 6 + 5 - t**o + 4*t + t. Give f(g).
11
Let b(c) = -c + 4. Let u = -645 + 649. Give b(u).
0
Let k = 24 + -21. Let q(v) = v**2 + v**3 - 5*v**k + 3*v**3 - 1. What is q(-1)?
1
Let m(z) = z**2 - 2. Let q(h) = -h + 15. Suppose 3*o + 7 - 46 = 0. Let n = 26 - o. Let p be q(n). Determine m(p).
2
Let m(h) = -17*h + 11*h + h**2 + 5 - 3. Let d(o) = -20*o - 56. Let c be d(-3). Give m(c).
-6
Let a(g) be the third derivative of g**4/24 + g**3 - 4*g**2. What is a(6)?
12
Let x = 61 - 59. Let j(r) = -24*r**3 - 2 - 2*r + 16*r**3 + 9*r**3 + x*r**2. What is j(2)?
10
Let l be (-102)/(-5) - (-2)/(-5). Suppose 4*d - l = -8. Let x(a) = d*a**2 - 7*a + 12 - 3*a - 2*a**2. What is x(9)?
3
Let y(a) = -a**2 - 5*a + 8. Let u be y(-6). Let i(f) = -2*f**2 + 2*f**u + f**2 - 1 - 2*f**2 + 6*f. Let z(w) = -w**2 + 17*w - 13. Let k be z(16). What is i(k)?
8
Let p(c) be the first derivative of c**4/12 - c**3/6 - c**2/2 - 2*c - 6. Let h(g) be the first derivative of p(g). What is h(-3)?
11
Let x = -23 - -39. Let v = x + -20. Let j(b) = 3*b + 4. Let d(u) = -6*u - 8. Let y(o) = 4*d(o) + 7*j(o). What is y(v)?
8
Let a(g) = 2*g**3 + 2*g**2 + 2. Suppose -8*w = -4*w - 8. Let h(c) = 2*c**3 + 3*c**2 + 3. Let d(o) = w*h(o) - 3*a(o). Calculate d(2).
-16
Let l(x) = -x**3 - 4*x - 3. Let f(k) = -7*k - 9. Let n(v) = -v. Let c(p) = -f(p) + 6*n(p). Let i be c(-11). Calculate l(i).
13
Let f(t) = -t**3 + 6*t**2 - 8*t + 2. Let k be f(3). Let m(o) = 3*o - o**2 + o - k*o + 2*o. Give 